actors of c?
2, 12613
Let v(r) = 5*r**2 - 7*r + 31. Let x be v(-9). Suppose 3*f = 4*i + x, 5*f + 2*i - 317 = 532. What are the prime factors of f?
13
Let p = 35167 - 19984. What are the prime factors of p?
3, 7, 241
Suppose 100177 = -101*n + 116*n - 77933. What are the prime factors of n?
2, 3, 1979
Suppose -1153894 = -11*n + 645211. What are the prime factors of n/98 - (-2)/28?
1669
Let a be 26/3*(-99)/(-6). Let c = 1505 - 1511. Let x = c + a. What are the prime factors of x?
137
Suppose 0 = -11*z + 15*z - 16. Let k = z - 4. Suppose k*r - 4*c + 129 = 3*r, 5*r - 180 = 5*c. What are the prime factors of r?
3, 13
Suppose 35 = z + 3*u - 25, 120 = 2*z - 3*u. Suppose l - z = 5*l. List the prime factors of -3*l/9*10.
2, 5
Suppose 0*b - 4*d = -5*b - 627, 3*b + 384 = 5*d. Let q be b/205 - ((-23)/5 - 0). Suppose q*x - 143 = -3*s + 2*x, -s + 47 = x. What are the prime factors of s?
7
Let l(n) be the second derivative of -33*n**3/2 + 93*n**2 + 3*n + 26. What are the prime factors of l(-5)?
3, 227
Let c(l) = -31*l + 2261. List the prime factors of c(-74).
5, 911
Suppose 0 = 3*s - 9, -b + 54 = 3*b + 2*s. Suppose -5*q = -27 + b. List the prime factors of 7*29/3*q.
7, 29
Let a be (-1 - 8556/(-9))/((-8)/(-120)). List the prime factors of (28/6)/(8 - a/1782).
2, 3, 7
Suppose i - 4*s + 4320 - 23235 = 0, -2*i = 5*s - 37882. What are the prime factors of i?
11, 1721
Let i(m) = 21514*m**2 + 28*m + 1. List the prime factors of i(-1).
21487
Suppose -10*q - q + 99 = 0. Suppose 6*u - 18 = -v + 2*u, q = 3*u. Suppose 57 = -v*x + 963. What are the prime factors of x?
151
Let l = -4692 + 6748. What are the prime factors of l?
2, 257
Suppose -3*c + a = 6*a - 220, -144 = -2*c - 4*a. Suppose 21*g = 17*g - c. List the prime factors of 107/3 - g/15.
37
Let y(z) be the first derivative of -11*z**4/24 - 43*z**3/6 - z**2 + 25. Let u(p) be the second derivative of y(p). What are the prime factors of u(-16)?
7, 19
Suppose -945 = -5*d + 5*w - 2*w, 394 = 2*d + 2*w. Let i = d + -11. What are the prime factors of i?
181
Suppose 2*d - 14 = -5*a + 8, 5*a - 5*d = 50. What are the prime factors of (0 + (-288)/21)*(-168)/a?
2, 3
Suppose 4*n + 21 = 5*q, 0 = 3*n + 5*q - 33 + 5. Suppose -13 = -7*t + n. Suppose t*r - 186 - 250 = 0. What are the prime factors of r?
2, 109
Let b = 18 - 3. Let c be (-203)/(-29) + 5 + 8. List the prime factors of 1956/b + (-8)/c.
2, 5, 13
Let b = -21 - -11. Let i(a) = 4*a**2 - 364*a + 3 - 355*a + 7*a**2 - 13 + a**3 + 725*a. What are the prime factors of i(b)?
2, 3, 5
Suppose -d - 3*d - 7 = z, 3*d - 16 = -5*z. Let l(v) = v**3 + 3*v**2 - 4*v - 7. Let w be l(d). Suppose -w*c = -109 - 196. What are the prime factors of c?
61
Suppose 23*y + 15*y - 490680 = 9*y. What are the prime factors of y?
2, 3, 5, 47
Let x be (-3 - 542)*12/(-5). Let i = x - 469. What are the prime factors of i?
839
Let n = -1626 - -2450. What are the prime factors of n?
2, 103
Suppose 6*j + 12 = 10*j. Suppose -1409 = -4*d + j*n, 0 = d - 0*n + n - 347. List the prime factors of d/8 - (-4)/16.
2, 11
Suppose 23857 + 15847 = 46*x - 38*x. List the prime factors of x.
7, 709
Let w(u) = -17*u + 18. Let d(c) = -6*c - 121. Let g be d(-14). List the prime factors of w(g).
647
Let z(r) = -r**3 - 27*r**2 + 2*r - 24. Let w be z(-27). Let u = 692 + w. What are the prime factors of u?
2, 307
Suppose 12*o - 106887 = -11*o + 164720. What are the prime factors of o?
7, 241
Let j = -71 - -86. Suppose -3*k + j = 3. Suppose f = -5*x + 483, k*x - 3*f + 0*f = 375. What are the prime factors of x?
2, 3
Let r = 23073 - 13284. What are the prime factors of r?
3, 13, 251
What are the prime factors of (-41754)/8*(84/(-9) - -8)?
6959
Let a(w) = 56*w**2 - 18*w - 19. Let u be a(-5). Suppose 0 = 5*k + j + j - u, -12 = -4*j. What are the prime factors of k?
293
Suppose -7*q + 34 + 50 = 0. Suppose -3*s + v + 18 = 0, 3*v + 0*v + q = 2*s. Suppose -s*a = 2*a - 96. What are the prime factors of a?
2, 3
Suppose 48 = -2*y + 10*y. Let r = 250 + -7. Suppose 9*k - r = y*k. What are the prime factors of k?
3
Suppose -23*y + 2 = -22*y. Suppose 4*w = 4*i + 2244, 565 = 18*w - 17*w - y*i. What are the prime factors of w?
557
Suppose 0 = -5*v - 3*t - 496, 5*t - 193 = 2*v + 8*t. Let h = 53 + -93. List the prime factors of (v/5)/(8/h).
101
Suppose 0 = 2*w, 5*x + 36*w - 37*w = 227855. List the prime factors of x.
199, 229
Suppose -4*q - 7866 = -22*q. Let j = -195 + q. What are the prime factors of j?
2, 11
Let v(h) = 24*h**2 - 11*h + 27. Suppose -5*x - 25 = -5*f, -3*f + 5*x = 3*x - 13. List the prime factors of v(f).
2, 3, 5, 7
What are the prime factors of (148/(-12) - (-5 + -4 - -8))*-366?
2, 17, 61
Suppose 13*l - 11*l = -i + 26964, -4*l = 3*i - 80896. What are the prime factors of i?
2, 3371
Suppose 0 = j - 5*v - 8777, -j = -0*j + 3*v - 8817. What are the prime factors of j?
2, 3, 163
Let g(n) be the third derivative of 67*n**5/15 - n**4/6 + n**3/2 + 2*n**2 - 74*n. What are the prime factors of g(1)?
3, 89
Suppose 55*s - 1319694 = 10*s - 24*s. What are the prime factors of s?
2, 73, 131
Let m = -172 - -243. Suppose -37 - m = -6*u. List the prime factors of u.
2, 3
Let c(g) = 3*g**2 + g + 2. Let f be c(-1). Suppose 2*l = -f*l - 18. What are the prime factors of (l + -1 - -2) + 10?
2
Let i = -252 + 252. Suppose i = -q - 107 + 801. What are the prime factors of q?
2, 347
Let u(h) = h. Let m(k) = -10*k + 1. Let y(b) = 2*m(b) + 18*u(b). Let g be y(0). What are the prime factors of g*(20 + 3 + -2)?
2, 3, 7
Let y(m) = -14 - 5 + 45*m + 7 - 7. What are the prime factors of y(5)?
2, 103
Let u(m) = 2*m + 21. Let p be u(-9). Suppose p*k - 6 = 3. Suppose k*b - b - 156 = 0. List the prime factors of b.
2, 3, 13
Let g(d) = -27*d - 5. Let l be g(-2). Suppose -4*v = -4*o - 156, 0 = 2*v - v - 3*o - l. Let m = 41 + v. List the prime factors of m.
3, 5
Let w(p) be the second derivative of -13/3*p**3 + 0 - 13*p**2 - 1/12*p**4 - 26*p. What are the prime factors of w(-12)?
2, 71
List the prime factors of 1061392/18 + 44/33*(-29)/174.
2, 29483
Suppose -3*u + 136 = -428. Suppose -5*k + u - 43 = 0. Let b = -23 + k. List the prime factors of b.
2, 3
Suppose -h - 1 = 25. Let f be h/65 - (-5037)/5. Suppose 5*v - 1011 = -x, -3*v - 2*x = 2*v - f. List the prime factors of v.
7, 29
Let b(q) = -107*q**3 - 2*q**2 + 137*q + 549. What are the prime factors of b(-4)?
17, 401
What are the prime factors of 378/252*(-4)/6*-8871?
3, 2957
Suppose -2*k + p + 14155 = 0, 37*p - 38*p = -5*k + 35389. What are the prime factors of k?
2, 3539
Let c = -853 - 114. Let b = 1777 + c. List the prime factors of b.
2, 3, 5
Let c = -101 - -14031. What are the prime factors of c?
2, 5, 7, 199
Let m = 1149 + -502. Let j(a) = -a**3 + 4. Let t be j(0). Suppose -h = 5*i - 632, m = i + t*i - 4*h. What are the prime factors of i?
127
Let o be (-3 + 0)*((-9)/3 + 1). What are the prime factors of -3 + o/(4/4) + 557?
2, 5, 7
Suppose -3 = 2*h + 1, -5*h = -4*v - 14. Let p be (-1386)/28*(-16)/v. Let f = -82 - p. What are the prime factors of f?
2, 5
List the prime factors of 1338*(-7 + (-7 - -16)) - 8.
2, 23, 29
What are the prime factors of 6504 + (-250)/(-175) + (-6)/14?
5, 1301
Suppose 6*f + 48558 = 25*f - 355249. List the prime factors of f.
53, 401
Suppose -10*o = -11683 - 2147. What are the prime factors of o?
3, 461
Let m be (-105)/(-25) + (-54)/45. Suppose 4*b + 5*i - 2657 = 0, b - 4*i - 671 = -m*i. What are the prime factors of b?
2, 167
Suppose 0 = -2*r + 4*y + 34, -2*r + 4*y = -4*r + 18. Suppose 0 = r*h - 8*h - 770. List the prime factors of h.
2, 7, 11
Let z be ((-25095)/(-70))/(1 + 2/(-4)). Suppose t = -4*h + 182, -7*t + z = -3*t + 5*h. Suppose 3*i + t = 2*v - i, -2*v + 162 = 4*i. List the prime factors of v.
5, 17
Suppose 1681 = -2*j - 6367. What are the prime factors of 1/4 + 2*j/(-64)?
2, 3, 7
Suppose 0 = 8*k - 2*m - 212058, -6*k = -2*k + 4*m - 106044. List the prime factors of k.
2, 3, 47
Let y = 1123 - 3674. Let b = y - -3914. List the prime factors of b.
29, 47
Let g(l) = -69*l + 15. Let i(q) = -137*q + 30. Let t(m) = 9*g(m) - 4*i(m). Let h be t(-4). Suppose -169 = -4*b + h. List the prime factors of b.
7, 17
Let v(z) = -2*z - 8. Let s be v(-4). Suppose 0 = 2*l + 2*g - 96, -g + s*g - 128 = -3*l. Suppose -l = -x - 14. List the prime factors of x.
2, 3, 5
Suppose -2*d + 91600 = 55*d + 23*d. Wh